se
Is 482143379 a prime number?
True
Is 24680717 a composite number?
False
Is 108933701 composite?
True
Is 6685773 a prime number?
False
Is 56854781 prime?
False
Is 404423326 composite?
True
Is 29078561 a prime number?
False
Is 553280789 prime?
True
Is 17484643 a prime number?
False
Is 59952397 prime?
True
Is 10576001 a prime number?
True
Is 36348419 composite?
True
Is 1985041 composite?
False
Is 389791 composite?
False
Is 3199171 a composite number?
False
Is 326927343 prime?
False
Is 996551 composite?
False
Is 7640681 a prime number?
True
Is 174003997 a prime number?
True
Is 8913001 composite?
True
Is 782640982 a composite number?
True
Is 96473341 prime?
True
Is 595873 a composite number?
False
Is 281300599 a prime number?
False
Is 54213749 composite?
True
Is 86037611 composite?
True
Is 205428989 prime?
True
Is 6546641 a composite number?
True
Is 260441 a composite number?
False
Is 2113061 composite?
True
Is 608739049 prime?
False
Is 3227507 a prime number?
True
Is 453224193 prime?
False
Is 166992013 a prime number?
False
Is 97088813 a composite number?
False
Is 15075451 a composite number?
True
Is 104083097 prime?
False
Is 4378897 a composite number?
False
Is 63635626 composite?
True
Is 4307521 prime?
False
Is 51117277 prime?
False
Is 260894671 a composite number?
True
Is 102761 composite?
False
Is 2478503 composite?
True
Is 60378167 a prime number?
True
Is 3236979 a composite number?
True
Is 148898561 a prime number?
False
Is 7973921 a prime number?
True
Is 78949693 composite?
True
Is 54153095 a prime number?
False
Is 221278433 a composite number?
False
Is 3360091 composite?
True
Is 15471307 composite?
False
Is 6152269 a composite number?
False
Is 6465595 a prime number?
False
Is 11919055 composite?
True
Is 127849 composite?
False
Is 4427947 a prime number?
False
Is 12537119 a prime number?
False
Is 7203667 a composite number?
False
Is 145634719 prime?
True
Is 25438799 a composite number?
False
Is 2195909 a composite number?
True
Is 2656987 a prime number?
True
Is 16489673 prime?
True
Is 3766487 a composite number?
False
Is 10633937 prime?
True
Is 3488291 prime?
True
Is 1897187 prime?
False
Is 7343489 prime?
True
Is 2264683 composite?
False
Is 62172805 composite?
True
Is 166267481 a prime number?
True
Is 176593498 a composite number?
True
Is 8149717 a prime number?
False
Is 1349087 a prime number?
True
Is 11162267 a prime number?
False
Is 8875081 a composite number?
True
Is 1134253 a composite number?
True
Is 85791023 a prime number?
False
Is 147212957 prime?
True
Is 41422697 a prime number?
True
Is 41255597 a prime number?
True
Is 415859003 composite?
True
Is 18647413 prime?
True
Is 33927793 a composite number?
False
Is 33449969 a composite number?
True
Is 51357613 prime?
False
Is 825637 prime?
True
Is 628412071 prime?
False
Is 551057315 a composite number?
True
Is 11925953 a prime number?
False
Is 10275521 composite?
False
Is 69683941 a composite number?
False
Is 29832202 prime?
False
Is 203713 a composite number?
False
Is 4537571 prime?
True
Is 1594838807 a prime number?
False
Is 2397317 a composite number?
True
Is 4333451 prime?
False
Is 6928687 prime?
False
Is 5425939 prime?
False
Is 13298221 composite?
False
Is 12611447 prime?
True
Is 5705699 composite?
False
Is 8908001 composite?
False
Is 72418 a composite number?
True
Is 2298251 a composite number?
True
Is 4788181 prime?
False
Is 616097 composite?
True
Is 12584653 a composite number?
True
Is 3695259 composite?
True
Is 63808127 prime?
True
Is 24921013 prime?
False
Is 57571 a prime number?
True
Is 36715103 a prime number?
True
Is 9688799 prime?
True
Is 55204969 a composite number?
False
Is 38688883 a composite number?
True
Is 2938927 a composite number?
False
Is 137027 prime?
False
Is 56912227 a prime number?
True
Is 10343213 a prime number?
True
Is 3735617 a prime number?
True
Is 5839609 a prime number?
False
Is 750184037 a prime number?
True
Is 15926923 prime?
True
Is 4456721 a composite number?
True
Is 580673 a composite number?
False
Is 48642473 a prime number?
False
Is 7628167 composite?
True
Is 35326703 a composite number?
False
Is 9099418 prime?
False
Is 89097829 a prime number?
False
Is 136617053 composite?
True
Is 11476577 composite?
True
Is 51540251 a prime number?
False
Is 376337387 prime?
True
Is 8469449 composite?
False
Is 755267 a prime number?
True
Is 2468503 prime?
False
Is 94686601 composite?
False
Is 34736803 a composite number?
True
Is 109490219 a prime number?
True
Is 60176953 composite?
False
Is 54146891 a prime number?
True
Is 61967539 a prime number?
True
Is 15387089 prime?
True
Is 293709989 a composite number?
False
Is 56311729 prime?
False
Is 2032493405 composite?
True
Is 234932407 composite?
True
Is 1319387 composite?
True
Is 3541813 a composite number?
True
Is 32262499 a composite number?
False
Is 2224129 a composite number?
True
Is 114423103 a prime number?
False
Is 772091 a prime number?
True
Is 9160903 a composite number?
True
Is 1324801 composite?
True
Is 817073 a prime number?
True
Is 110486567 prime?
True
Is 35232943 prime?
True
Is 59454919 a prime number?
True
Is 202878503 composite?
False
Is 11778049 composite?
False
Is 9125659 prime?
True
Is 3190163 a composite number?
False
Is 92028823 a prime number?
False
Is 14090911 composite?
True
Is 121787 a composite number?
False
Is 44891191 prime?
True
Is 56450963 a composite number?
False
Is 4497107 a composite number?
True
Is 2060171 a prime number?
True
Is 50337889 prime?
False
Is 2636471 prime?
True
Is 3654713 composite?
False
Is 5508913 composite?
False
Is 279196519 prime?
False
Is 11488987 prime?
True
Is 97841 a composite number?
False
Is 396896989 prime?
True
Is 2313607 prime?
False
Is 22105111 composite?
True
Is 1174737 prime?
False
Is 14285689 prime?
False
Is 1096903 prime?
False
Is 7721773 a prime number?
False
Is 858673 composite?
False
Is 484987 prime?
True
Is 7443509 composite?
True
Is 16849843 prime?
True
Is 10895523 composite?
True
Is 24887809 prime?
False
Is 18560527 composite?
False
Is 139157269 composite?
True
Is 70375399 composite?
True
Is 81457 a prime number?
True
Is 2107529 a prime number?
True
Is 18996539 a prime number?
True
Is 559501 composite?
True
Is 1981541 a prime number?
False
Is 3968411 a prime number?
True
Is 6110509 prime?
True
Is 4248689 composite?
False
Is 4700939 prime?
True
Is 18618091 a composite number?
False
Is 146350389 a composite number?
True
Is 14985901 prime?
False
Is 16042083 prime?
False
Is 3440077 prime?
True
Is 7491521 a composite number?
True
Is 303983 a prime number?
True
Is 101239069 a composite number?
True
Is 341653337 a composite number?
False
Is 171271645 prime?
False
Is 27989711 a composite number?
False
Is 83528881 a prime number?
True
Is 7902071 a prime number?
False
Is 1530341 a prime number?
False
Is 23417441 a composite number?
False
Is 369161537 composite?
True
Is 129474617 a composite number?
False
Is 545784361 a prime number?
True
Is 55187563 composite?
True
Is 16917077 composite?
True
Is 20981603 composite?
True
Is 18819929 a prime number?
False
Is 1091939 prime?
True
Is 19057271 composite?
True
Is 4439627 composite?
False
Is 1494481 a prime number?
True
Is 3585853 composite?
True
Is 1374643 a composite number?
True
Is 101901899 a composite number?
True
Is 868853 a prime number?
False
Is 8831699 a composite number?
False
Is 18026453 a composite number?
False
Is 31156999 a composite number?
True
Is 1181753 a composite number?
True
Is 136947301 composite?
False
Is 7655709 a prime number?
False
Is 69470887 a prime number?
False
Is 7912663 a composite number?
True
Is 477721 prime?
True
Is 85608331 prime?
True
Is 85982333 prime?
False
Is 159119083 composite?
True
Is 1912879 a prime number?
True
Is 4671677 composite?
False
Is 5100389 composite?
True
Is 1088209 composite?
False
Is 2602387 a composite number?
True
Is 1944911 prime?
True
Is 213062533 a prime number?
False
Is 391769 a prime number?
False
Is 68032301 composite?
False
Is 410371 a composite number?
True
Is 20033773 a prime number?
False
Is 5903761 composite?
False
Is 1211779 composite?
False
Is 761046591 prime?
False
Is 55468361 composite?
True
Is 7347397 composite?
True
Is 41369849 composite?
True
Is 398889949 a composite number?
True
Is 6273967 composite?
True
Is 16270871 composite